{"id":23078,"date":"2024-12-25T19:24:55","date_gmt":"2024-12-25T19:24:55","guid":{"rendered":"https:\/\/posana.com\/?post_type=product&#038;p=23078"},"modified":"2025-03-09T22:01:32","modified_gmt":"2025-03-09T22:01:32","slug":"klapp-men-all-day-long-klapp-men-24h-hydro-cream-50ml","status":"publish","type":"product","link":"https:\/\/posana.com\/fr\/produit\/klapp-men-all-day-long-klapp-men-24h-hydro-cream-50ml\/","title":{"rendered":"Klapp Men ALL DAY LONG \u2013 Cr\u00e8me Hydro 24H"},"content":{"rendered":"<div>\n<div>\n<p>Hydratation pour toute la journ\u00e9e. Manque d'hydratation, perte de tonicit\u00e9, sentiment de tiraillement et de s\u00e9cheresse: La Cr\u00e8me Hydratante 24h avec du Caf\u00e9 vert, de l'acide hyaluronique, du sucre de betteraves , de la f\u00e9cule de ma\u00efs hydrate intens\u00e9ment, lutte de mani\u00e8re pr\u00e9ventive contre les traits de s\u00e8cheresse, apaise et prot\u00e8ge la peau.\nContenu: 50 ml\n\n\nApplication: Le matin et\/ou le soir appliquer sur la peau nettoy\u00e9e. M\u00eame apr\u00e8s le rasage.<\/p>\n<\/div>\n<\/div>","protected":false},"excerpt":{"rendered":"<p>Hydratation pour toute la journ\u00e9e. Manque d'hydratation, perte de tonicit\u00e9, sentiment de tiraillement et de s\u00e9cheresse: La Cr\u00e8me Hydratante 24h avec du Caf\u00e9 vert, de l'acide hyaluronique, du sucre de betteraves , de la f\u00e9cule de ma\u00efs hydrate intens\u00e9ment, lutte de mani\u00e8re pr\u00e9ventive contre les traits de s\u00e8cheresse, apaise et prot\u00e8ge la peau.\nContenu: 50 ml\n\n\nApplication: Le matin et\/ou le soir appliquer sur la peau nettoy\u00e9e. M\u00eame apr\u00e8s le rasage.<\/p>","protected":false},"featured_media":23095,"comment_status":"open","ping_status":"closed","template":"","meta":{"om_disable_all_campaigns":false,"_monsterinsights_skip_tracking":false,"_monsterinsights_sitenote_active":false,"_monsterinsights_sitenote_note":"","_monsterinsights_sitenote_category":0},"product_brand":[206],"product_cat":[133,137,61],"product_tag":[208],"mwb_booking_cost":[],"mwb_booking_service":[],"class_list":{"0":"post-23078","1":"product","2":"type-product","3":"status-publish","4":"has-post-thumbnail","6":"product_brand-klapp","7":"product_cat-emulsions","8":"product_cat-men-care","9":"product_cat-skin-care-products","10":"product_tag-hydratation","13":"instock","14":"shipping-taxable","15":"purchasable","16":"product-type-simple","17":"product-grid-view"},"aioseo_notices":[],"_links":{"self":[{"href":"https:\/\/posana.com\/fr\/wp-json\/wp\/v2\/product\/23078","targetHints":{"allow":["GET"]}}],"collection":[{"href":"https:\/\/posana.com\/fr\/wp-json\/wp\/v2\/product"}],"about":[{"href":"https:\/\/posana.com\/fr\/wp-json\/wp\/v2\/types\/product"}],"replies":[{"embeddable":true,"href":"https:\/\/posana.com\/fr\/wp-json\/wp\/v2\/comments?post=23078"}],"version-history":[{"count":5,"href":"https:\/\/posana.com\/fr\/wp-json\/wp\/v2\/product\/23078\/revisions"}],"predecessor-version":[{"id":23097,"href":"https:\/\/posana.com\/fr\/wp-json\/wp\/v2\/product\/23078\/revisions\/23097"}],"wp:featuredmedia":[{"embeddable":true,"href":"https:\/\/posana.com\/fr\/wp-json\/wp\/v2\/media\/23095"}],"wp:attachment":[{"href":"https:\/\/posana.com\/fr\/wp-json\/wp\/v2\/media?parent=23078"}],"wp:term":[{"taxonomy":"product_brand","embeddable":true,"href":"https:\/\/posana.com\/fr\/wp-json\/wp\/v2\/product_brand?post=23078"},{"taxonomy":"product_cat","embeddable":true,"href":"https:\/\/posana.com\/fr\/wp-json\/wp\/v2\/product_cat?post=23078"},{"taxonomy":"product_tag","embeddable":true,"href":"https:\/\/posana.com\/fr\/wp-json\/wp\/v2\/product_tag?post=23078"},{"taxonomy":"mwb_booking_cost","embeddable":true,"href":"https:\/\/posana.com\/fr\/wp-json\/wp\/v2\/mwb_booking_cost?post=23078"},{"taxonomy":"mwb_booking_service","embeddable":true,"href":"https:\/\/posana.com\/fr\/wp-json\/wp\/v2\/mwb_booking_service?post=23078"}],"curies":[{"name":"wp","href":"https:\/\/api.w.org\/{rel}","templated":true}]}}

Klapp Men ALL DAY LONG – Crème Hydro 24H

<div>
<div>
<p>Hydratation pour toute la journée. Manque d'hydratation, perte de tonicité, sentiment de tiraillement et de sécheresse: La Crème Hydratante 24h avec du Café vert, de l'acide hyaluronique, du sucre de betteraves , de la fécule de maïs hydrate intensément, lutte de manière préventive contre les traits de sècheresse, apaise et protège la peau.
Contenu: 50 ml


Application: Le matin et/ou le soir appliquer sur la peau nettoyée. Même après le rasage.</p>
</div>
</div>

<p>Hydratation pour toute la journée. Manque d'hydratation, perte de tonicité, sentiment de tiraillement et de sécheresse: La Crème Hydratante 24h avec du Café vert, de l'acide hyaluronique, du sucre de betteraves , de la fécule de maïs hydrate intensément, lutte de manière préventive contre les traits de sècheresse, apaise et protège la peau.
Contenu: 50 ml


Application: Le matin et/ou le soir appliquer sur la peau nettoyée. Même après le rasage.</p>
