{"id":22643,"date":"2024-12-24T14:17:51","date_gmt":"2024-12-24T14:17:51","guid":{"rendered":"https:\/\/posana.com\/?post_type=product&#038;p=22643"},"modified":"2024-12-24T19:27:41","modified_gmt":"2024-12-24T19:27:41","slug":"sensitive-skin-cream-200ml","status":"publish","type":"product","link":"https:\/\/posana.com\/fr\/produit\/sensitive-skin-cream-200ml\/","title":{"rendered":"Cr\u00e8me pour la peau sensible 200ml"},"content":{"rendered":"<p>Traitement hydratant pour la peau sensible<br \/>\nTraitement anti-vieillissement pour les peaux sensibles. Id\u00e9al pour une peau manquant de vitalit\u00e9. R\u00e9\u00e9quilibre le pH et r\u00e9g\u00e9n\u00e8re l'\u00e9piderme. Favorise le processus naturel du renouvellement cellulaire. Avec une application r\u00e9guli\u00e8re, la peau se sentira \u00e9nergis\u00e9e et vitalis\u00e9e. Recommand\u00e9 pour les peaux rouges sensibles qui br\u00fblent facilement au soleil.Types de peau<br \/>\n\u0095 Tous les types de peau, en particulier les peaux sensibles sujettes \u00e0 l'irritation<br \/>\n\u0095 Premiers signes de rosac\u00e9e et de sensibilit\u00e9<br \/>\n\u0095 peau endommag\u00e9e par le soleil, apr\u00e8s exposition au soleil, post-laser, et apr\u00e8s microdermabrasion<br \/>\n\u0095 Corps: Peau s\u00e8che et jambes sensibles<\/p>","protected":false},"excerpt":{"rendered":"<p>Treating moisturizer for sensitive skin Anti-aging treatment for sensitive skin. Ideal for skin lacking vitality. Rebalances the pH and regenerates the epidermis. Favors the natural process of cell renewal. With a regular application, the skin will feel energized and vitalized. Recommended for sensitive red skin that burns easily in the sun.Skin Types \u0095 All skin [&hellip;]<\/p>\n","protected":false},"featured_media":22687,"comment_status":"open","ping_status":"closed","template":"","meta":{"om_disable_all_campaigns":false,"_monsterinsights_skip_tracking":false,"_monsterinsights_sitenote_active":false,"_monsterinsights_sitenote_note":"","_monsterinsights_sitenote_category":0},"product_brand":[],"product_cat":[61],"product_tag":[],"mwb_booking_cost":[],"mwb_booking_service":[],"class_list":{"0":"post-22643","1":"product","2":"type-product","3":"status-publish","4":"has-post-thumbnail","6":"product_cat-skin-care-products","9":"instock","10":"shipping-taxable","11":"purchasable","12":"product-type-simple","13":"product-grid-view"},"aioseo_notices":[],"_links":{"self":[{"href":"https:\/\/posana.com\/fr\/wp-json\/wp\/v2\/product\/22643","targetHints":{"allow":["GET"]}}],"collection":[{"href":"https:\/\/posana.com\/fr\/wp-json\/wp\/v2\/product"}],"about":[{"href":"https:\/\/posana.com\/fr\/wp-json\/wp\/v2\/types\/product"}],"replies":[{"embeddable":true,"href":"https:\/\/posana.com\/fr\/wp-json\/wp\/v2\/comments?post=22643"}],"version-history":[{"count":2,"href":"https:\/\/posana.com\/fr\/wp-json\/wp\/v2\/product\/22643\/revisions"}],"predecessor-version":[{"id":22688,"href":"https:\/\/posana.com\/fr\/wp-json\/wp\/v2\/product\/22643\/revisions\/22688"}],"wp:featuredmedia":[{"embeddable":true,"href":"https:\/\/posana.com\/fr\/wp-json\/wp\/v2\/media\/22687"}],"wp:attachment":[{"href":"https:\/\/posana.com\/fr\/wp-json\/wp\/v2\/media?parent=22643"}],"wp:term":[{"taxonomy":"product_brand","embeddable":true,"href":"https:\/\/posana.com\/fr\/wp-json\/wp\/v2\/product_brand?post=22643"},{"taxonomy":"product_cat","embeddable":true,"href":"https:\/\/posana.com\/fr\/wp-json\/wp\/v2\/product_cat?post=22643"},{"taxonomy":"product_tag","embeddable":true,"href":"https:\/\/posana.com\/fr\/wp-json\/wp\/v2\/product_tag?post=22643"},{"taxonomy":"mwb_booking_cost","embeddable":true,"href":"https:\/\/posana.com\/fr\/wp-json\/wp\/v2\/mwb_booking_cost?post=22643"},{"taxonomy":"mwb_booking_service","embeddable":true,"href":"https:\/\/posana.com\/fr\/wp-json\/wp\/v2\/mwb_booking_service?post=22643"}],"curies":[{"name":"wp","href":"https:\/\/api.w.org\/{rel}","templated":true}]}}

Crème pour la peau sensible 200ml

<p>Traitement hydratant pour la peau sensible<br />
Traitement anti-vieillissement pour les peaux sensibles. Idéal pour une peau manquant de vitalité. Rééquilibre le pH et régénère l'épiderme. Favorise le processus naturel du renouvellement cellulaire. Avec une application régulière, la peau se sentira énergisée et vitalisée. Recommandé pour les peaux rouges sensibles qui brûlent facilement au soleil.Types de peau<br />
 Tous les types de peau, en particulier les peaux sensibles sujettes à l'irritation<br />
 Premiers signes de rosacée et de sensibilité<br />
 peau endommagée par le soleil, après exposition au soleil, post-laser, et après microdermabrasion<br />
 Corps: Peau sèche et jambes sensibles</p>
