{"id":22115,"date":"2024-12-23T15:13:43","date_gmt":"2024-12-23T15:13:43","guid":{"rendered":"https:\/\/posana.com\/?post_type=product&#038;p=22115"},"modified":"2025-01-08T13:17:56","modified_gmt":"2025-01-08T13:17:56","slug":"anti-brown-marks-micro-emulsion-50ml","status":"publish","type":"product","link":"https:\/\/posana.com\/fr\/produit\/anti-brown-marks-micro-emulsion-50ml\/","title":{"rendered":"Anti-Brown Marque Micro-Emulsion 50ml"},"content":{"rendered":"<p>Cr\u00e8me de traitement pour la peau in\u00e9gale et les taches fonc\u00e9es Cette cr\u00e8me de traitement avanc\u00e9e normalise l'activit\u00e9 m\u00e9lanocyte responsable des taches de pigmentation brune. Prot\u00e8ge la structure de la peau et l\u2019\u00e9quilibre hydratant gr\u00e2ce \u00e0 sa protection UV. L'utilisation r\u00e9guli\u00e8re donne un teint doux et clair. Id\u00e9al pour traiter l\u2019hyperpigmentation et les taches brunes pour r\u00e9\u00e9quilibrer la couleur de la peau.<\/p>","protected":false},"excerpt":{"rendered":"<p>Cr\u00e8me de traitement pour la peau in\u00e9gale et les taches fonc\u00e9es Cette cr\u00e8me de traitement avanc\u00e9e normalise l'activit\u00e9 m\u00e9lanocyte responsable des taches de pigmentation brune. Prot\u00e8ge la structure de la peau et l\u2019\u00e9quilibre hydratant gr\u00e2ce \u00e0 sa protection UV. L'utilisation r\u00e9guli\u00e8re donne un teint doux et clair. Id\u00e9al pour traiter l\u2019hyperpigmentation et les taches brunes pour r\u00e9\u00e9quilibrer la couleur de la peau.<\/p>","protected":false},"featured_media":22436,"comment_status":"open","ping_status":"closed","template":"","meta":{"om_disable_all_campaigns":false,"_monsterinsights_skip_tracking":false,"_monsterinsights_sitenote_active":false,"_monsterinsights_sitenote_note":"","_monsterinsights_sitenote_category":0},"product_brand":[],"product_cat":[133,61],"product_tag":[],"mwb_booking_cost":[],"mwb_booking_service":[],"class_list":{"0":"post-22115","1":"product","2":"type-product","3":"status-publish","4":"has-post-thumbnail","6":"product_cat-emulsions","7":"product_cat-skin-care-products","10":"instock","11":"shipping-taxable","12":"purchasable","13":"product-type-simple","14":"product-grid-view"},"aioseo_notices":[],"_links":{"self":[{"href":"https:\/\/posana.com\/fr\/wp-json\/wp\/v2\/product\/22115","targetHints":{"allow":["GET"]}}],"collection":[{"href":"https:\/\/posana.com\/fr\/wp-json\/wp\/v2\/product"}],"about":[{"href":"https:\/\/posana.com\/fr\/wp-json\/wp\/v2\/types\/product"}],"replies":[{"embeddable":true,"href":"https:\/\/posana.com\/fr\/wp-json\/wp\/v2\/comments?post=22115"}],"version-history":[{"count":2,"href":"https:\/\/posana.com\/fr\/wp-json\/wp\/v2\/product\/22115\/revisions"}],"predecessor-version":[{"id":22431,"href":"https:\/\/posana.com\/fr\/wp-json\/wp\/v2\/product\/22115\/revisions\/22431"}],"wp:featuredmedia":[{"embeddable":true,"href":"https:\/\/posana.com\/fr\/wp-json\/wp\/v2\/media\/22436"}],"wp:attachment":[{"href":"https:\/\/posana.com\/fr\/wp-json\/wp\/v2\/media?parent=22115"}],"wp:term":[{"taxonomy":"product_brand","embeddable":true,"href":"https:\/\/posana.com\/fr\/wp-json\/wp\/v2\/product_brand?post=22115"},{"taxonomy":"product_cat","embeddable":true,"href":"https:\/\/posana.com\/fr\/wp-json\/wp\/v2\/product_cat?post=22115"},{"taxonomy":"product_tag","embeddable":true,"href":"https:\/\/posana.com\/fr\/wp-json\/wp\/v2\/product_tag?post=22115"},{"taxonomy":"mwb_booking_cost","embeddable":true,"href":"https:\/\/posana.com\/fr\/wp-json\/wp\/v2\/mwb_booking_cost?post=22115"},{"taxonomy":"mwb_booking_service","embeddable":true,"href":"https:\/\/posana.com\/fr\/wp-json\/wp\/v2\/mwb_booking_service?post=22115"}],"curies":[{"name":"wp","href":"https:\/\/api.w.org\/{rel}","templated":true}]}}

<p>Crème de traitement pour la peau inégale et les taches foncées Cette crème de traitement avancée normalise l'activité mélanocyte responsable des taches de pigmentation brune. Protège la structure de la peau et l’équilibre hydratant grâce à sa protection UV. L'utilisation régulière donne un teint doux et clair. Idéal pour traiter l’hyperpigmentation et les taches brunes pour rééquilibrer la couleur de la peau.</p>
